{"id":113,"date":"2017-04-29T21:38:37","date_gmt":"2017-04-29T20:38:37","guid":{"rendered":"http:\/\/praxis-koenn.de\/?page_id=113"},"modified":"2022-07-10T16:43:52","modified_gmt":"2022-07-10T15:43:52","slug":"ablauf","status":"publish","type":"page","link":"https:\/\/praxis-koenn.de\/?page_id=113","title":{"rendered":"Ablauf"},"content":{"rendered":"\n<h4 class=\"wp-block-heading\">Kontaktaufnahme<\/h4>\n\n\n\n<p>Meine Praxis arbeitet nach dem Bestellprinzip. Ohne vorherige Terminvereinbarung sind keine Gespr\u00e4che m\u00f6glich. Wenn Sie einen Termin in meiner Praxis vereinbaren m\u00f6chten, k\u00f6nnen Sie uns gerne \u00fcber das <a href=\"https:\/\/praxis-koenn.de\/?page_id=54\">Kontaktformular<\/a> auf dieser Homepage eine Nachricht zukommen lassen. Unsere Sprechstundenhilfe Frau Geeren-Bollinger meldet sich dann immer am darauffolgenden Freitag bei Ihnen zur\u00fcck, um gegebenenfalls einen Sprechstundentermin zu vereinbaren.<\/p>\n\n\n\n<p>Unsere Medizinische Fachangestellte hilft Ihnen bei allen Fragen und Terminw\u00fcnschen gerne weiter. Sie erreichen Frau Geeren-Bollinger w\u00e4hrend der Telefonsprechzeiten pers\u00f6nlich, diese sind immer freitags von 13:00 Uhr bis 14:45 Uhr. <\/p>\n\n\n\n<h4 class=\"wp-block-heading\">Sprechstunde<\/h4>\n\n\n\n<div class=\"wp-block-columns is-layout-flex wp-container-core-columns-is-layout-9d6595d7 wp-block-columns-is-layout-flex\">\n<div class=\"wp-block-column is-layout-flow wp-block-column-is-layout-flow\">\n<p>Eine Sprechstunde dient der ersten Einsch\u00e4tzung und der Abkl\u00e4rung eines eventuellen Behandlungsbedarfs, sprich einer Therapieindikation. Ich werde Ihnen am Ende der Sprechstunde(n) eine Empfehlung f\u00fcr das weitere Vorgehen aussprechen. Sollte eine psychotherapeutische Behandlung notwendig sein, muss daf\u00fcr aber ein freier w\u00f6chentlicher Therapieplatz zu Verf\u00fcgung stehen. Sollte dies nicht der Fall sein, nehme ich die Daten in meine Warteliste auf oder Sie wenden sich an einen anderen niedergelassenen Kinder- und Jugendlichenpsychotherapeuten.<\/p>\n<\/div>\n\n\n\n<div class=\"wp-block-column is-layout-flow wp-block-column-is-layout-flow\">\n<figure class=\"wp-block-image size-large\"><img loading=\"lazy\" decoding=\"async\" width=\"1024\" height=\"684\" src=\"https:\/\/praxis-koenn.de\/wp-content\/uploads\/2017\/04\/VG8_2500-Bearbeitet-1024x684.jpg\" alt=\"\" class=\"wp-image-105\" srcset=\"https:\/\/praxis-koenn.de\/wp-content\/uploads\/2017\/04\/VG8_2500-Bearbeitet-1024x684.jpg 1024w, https:\/\/praxis-koenn.de\/wp-content\/uploads\/2017\/04\/VG8_2500-Bearbeitet-300x200.jpg 300w, https:\/\/praxis-koenn.de\/wp-content\/uploads\/2017\/04\/VG8_2500-Bearbeitet-768x513.jpg 768w\" sizes=\"auto, (max-width: 1024px) 100vw, 1024px\" \/><\/figure>\n\n\n\n<p><\/p>\n<\/div>\n<\/div>\n\n\n\n<h4 class=\"wp-block-heading\">Probatorik<\/h4>\n\n\n\n<div class=\"wp-block-columns is-layout-flex wp-container-core-columns-is-layout-9d6595d7 wp-block-columns-is-layout-flex\">\n<div class=\"wp-block-column is-layout-flow wp-block-column-is-layout-flow\">\n<figure class=\"wp-block-image size-large\"><a href=\"https:\/\/praxis-koenn.de\/wp-content\/uploads\/2018\/08\/IMG_9270.jpg\"><img loading=\"lazy\" decoding=\"async\" width=\"1024\" height=\"683\" src=\"https:\/\/praxis-koenn.de\/wp-content\/uploads\/2018\/08\/IMG_9270-1024x683.jpg\" alt=\"\" class=\"wp-image-266\" srcset=\"https:\/\/praxis-koenn.de\/wp-content\/uploads\/2018\/08\/IMG_9270-1024x683.jpg 1024w, https:\/\/praxis-koenn.de\/wp-content\/uploads\/2018\/08\/IMG_9270-300x200.jpg 300w, https:\/\/praxis-koenn.de\/wp-content\/uploads\/2018\/08\/IMG_9270-768x512.jpg 768w\" sizes=\"auto, (max-width: 1024px) 100vw, 1024px\" \/><\/a><\/figure>\n<\/div>\n\n\n\n<div class=\"wp-block-column is-layout-flow wp-block-column-is-layout-flow\">\n<p>Steht ein freier Therapieplatz zur Verf\u00fcgung schlie\u00dfen sich an die Sprechstundentermine die sogenannten probatorischen Sitzungen an, in denen wir die Gelegenheit haben, uns gegenseitig besser kennen zu lernen. Nach einem ersten Kennenlernen f\u00fchre ich mit dem Patienten in der Praxis eine psychologische Diagnostik durch, die zu einem individualisierten Behandlungsplan angepasst an die konkrete Problematik f\u00fchrt. Je nach Alter des Kindes werden die Eltern hierbei mehr oder weniger intensiv mit eingebunden.<\/p>\n<\/div>\n<\/div>\n\n\n\n<h4 class=\"wp-block-heading\">Therapiebeginn<\/h4>\n\n\n\n<p>Im Anschluss daran wird bei der Krankenkasse ein Antrag auf Kosten\u00fcbernahme gestellt. Sobald die Bewilligung vorliegt, k\u00f6nnen wir dann mit der Verhaltenstherapie beginnen.<\/p>\n","protected":false},"excerpt":{"rendered":"<p>Kontaktaufnahme Meine Praxis arbeitet nach dem Bestellprinzip. Ohne vorherige Terminvereinbarung sind keine Gespr\u00e4che m\u00f6glich. Wenn Sie einen Termin in meiner Praxis vereinbaren m\u00f6chten, k\u00f6nnen Sie uns gerne \u00fcber das Kontaktformular auf dieser Homepage eine Nachricht zukommen lassen. Unsere Sprechstundenhilfe Frau Geeren-Bollinger meldet sich dann immer am darauffolgenden Freitag bei Ihnen zur\u00fcck, um gegebenenfalls einen Sprechstundentermin &hellip;<\/p>\n","protected":false},"author":1,"featured_media":402,"parent":0,"menu_order":0,"comment_status":"closed","ping_status":"closed","template":"","meta":{"footnotes":""},"class_list":["post-113","page","type-page","status-publish","has-post-thumbnail","hentry"],"_links":{"self":[{"href":"https:\/\/praxis-koenn.de\/index.php?rest_route=\/wp\/v2\/pages\/113","targetHints":{"allow":["GET"]}}],"collection":[{"href":"https:\/\/praxis-koenn.de\/index.php?rest_route=\/wp\/v2\/pages"}],"about":[{"href":"https:\/\/praxis-koenn.de\/index.php?rest_route=\/wp\/v2\/types\/page"}],"author":[{"embeddable":true,"href":"https:\/\/praxis-koenn.de\/index.php?rest_route=\/wp\/v2\/users\/1"}],"replies":[{"embeddable":true,"href":"https:\/\/praxis-koenn.de\/index.php?rest_route=%2Fwp%2Fv2%2Fcomments&post=113"}],"version-history":[{"count":31,"href":"https:\/\/praxis-koenn.de\/index.php?rest_route=\/wp\/v2\/pages\/113\/revisions"}],"predecessor-version":[{"id":519,"href":"https:\/\/praxis-koenn.de\/index.php?rest_route=\/wp\/v2\/pages\/113\/revisions\/519"}],"wp:featuredmedia":[{"embeddable":true,"href":"https:\/\/praxis-koenn.de\/index.php?rest_route=\/wp\/v2\/media\/402"}],"wp:attachment":[{"href":"https:\/\/praxis-koenn.de\/index.php?rest_route=%2Fwp%2Fv2%2Fmedia&parent=113"}],"curies":[{"name":"wp","href":"https:\/\/api.w.org\/{rel}","templated":true}]}}

<h4 class="wp-block-heading">Kontaktaufnahme</h4>



<p>Meine Praxis arbeitet nach dem Bestellprinzip. Ohne vorherige Terminvereinbarung sind keine Gespräche möglich. Wenn Sie einen Termin in meiner Praxis vereinbaren möchten, können Sie uns gerne über das <a href="https://praxis-koenn.de/?page_id=54">Kontaktformular</a> auf dieser Homepage eine Nachricht zukommen lassen. Unsere Sprechstundenhilfe Frau Geeren-Bollinger meldet sich dann immer am darauffolgenden Freitag bei Ihnen zurück, um gegebenenfalls einen Sprechstundentermin zu vereinbaren.</p>



<p>Unsere Medizinische Fachangestellte hilft Ihnen bei allen Fragen und Terminwünschen gerne weiter. Sie erreichen Frau Geeren-Bollinger während der Telefonsprechzeiten persönlich, diese sind immer freitags von 13:00 Uhr bis 14:45 Uhr. </p>



<h4 class="wp-block-heading">Sprechstunde</h4>



<div class="wp-block-columns is-layout-flex wp-container-core-columns-is-layout-9d6595d7 wp-block-columns-is-layout-flex">
<div class="wp-block-column is-layout-flow wp-block-column-is-layout-flow">
<p>Eine Sprechstunde dient der ersten Einschätzung und der Abklärung eines eventuellen Behandlungsbedarfs, sprich einer Therapieindikation. Ich werde Ihnen am Ende der Sprechstunde(n) eine Empfehlung für das weitere Vorgehen aussprechen. Sollte eine psychotherapeutische Behandlung notwendig sein, muss dafür aber ein freier wöchentlicher Therapieplatz zu Verfügung stehen. Sollte dies nicht der Fall sein, nehme ich die Daten in meine Warteliste auf oder Sie wenden sich an einen anderen niedergelassenen Kinder- und Jugendlichenpsychotherapeuten.</p>
</div>



<div class="wp-block-column is-layout-flow wp-block-column-is-layout-flow">
<figure class="wp-block-image size-large"><img loading="lazy" decoding="async" width="1024" height="684" src="https://praxis-koenn.de/wp-content/uploads/2017/04/VG8_2500-Bearbeitet-1024x684.jpg" alt="" class="wp-image-105" srcset="https://praxis-koenn.de/wp-content/uploads/2017/04/VG8_2500-Bearbeitet-1024x684.jpg 1024w, https://praxis-koenn.de/wp-content/uploads/2017/04/VG8_2500-Bearbeitet-300x200.jpg 300w, https://praxis-koenn.de/wp-content/uploads/2017/04/VG8_2500-Bearbeitet-768x513.jpg 768w" sizes="auto, (max-width: 1024px) 100vw, 1024px" /></figure>



<p></p>
</div>
</div>



<h4 class="wp-block-heading">Probatorik</h4>



<div class="wp-block-columns is-layout-flex wp-container-core-columns-is-layout-9d6595d7 wp-block-columns-is-layout-flex">
<div class="wp-block-column is-layout-flow wp-block-column-is-layout-flow">
<figure class="wp-block-image size-large"><a href="https://praxis-koenn.de/wp-content/uploads/2018/08/IMG_9270.jpg"><img loading="lazy" decoding="async" width="1024" height="683" src="https://praxis-koenn.de/wp-content/uploads/2018/08/IMG_9270-1024x683.jpg" alt="" class="wp-image-266" srcset="https://praxis-koenn.de/wp-content/uploads/2018/08/IMG_9270-1024x683.jpg 1024w, https://praxis-koenn.de/wp-content/uploads/2018/08/IMG_9270-300x200.jpg 300w, https://praxis-koenn.de/wp-content/uploads/2018/08/IMG_9270-768x512.jpg 768w" sizes="auto, (max-width: 1024px) 100vw, 1024px" /></a></figure>
</div>



<div class="wp-block-column is-layout-flow wp-block-column-is-layout-flow">
<p>Steht ein freier Therapieplatz zur Verfügung schließen sich an die Sprechstundentermine die sogenannten probatorischen Sitzungen an, in denen wir die Gelegenheit haben, uns gegenseitig besser kennen zu lernen. Nach einem ersten Kennenlernen führe ich mit dem Patienten in der Praxis eine psychologische Diagnostik durch, die zu einem individualisierten Behandlungsplan angepasst an die konkrete Problematik führt. Je nach Alter des Kindes werden die Eltern hierbei mehr oder weniger intensiv mit eingebunden.</p>
</div>
</div>



<h4 class="wp-block-heading">Therapiebeginn</h4>



<p>Im Anschluss daran wird bei der Krankenkasse ein Antrag auf Kostenübernahme gestellt. Sobald die Bewilligung vorliegt, können wir dann mit der Verhaltenstherapie beginnen.</p>

<p>Kontaktaufnahme Meine Praxis arbeitet nach dem Bestellprinzip. Ohne vorherige Terminvereinbarung sind keine Gespräche möglich. Wenn Sie einen Termin in meiner Praxis vereinbaren möchten, können Sie uns gerne über das Kontaktformular auf dieser Homepage eine Nachricht zukommen lassen. Unsere Sprechstundenhilfe Frau Geeren-Bollinger meldet sich dann immer am darauffolgenden Freitag bei Ihnen zurück, um gegebenenfalls einen Sprechstundentermin &hellip;</p>
