{"id":115,"date":"2017-04-29T21:38:53","date_gmt":"2017-04-29T20:38:53","guid":{"rendered":"http:\/\/praxis-koenn.de\/?page_id=115"},"modified":"2025-02-11T10:48:49","modified_gmt":"2025-02-11T09:48:49","slug":"kosten","status":"publish","type":"page","link":"https:\/\/praxis-koenn.de\/?page_id=115","title":{"rendered":"Kosten"},"content":{"rendered":"\n<div class=\"wp-block-cover is-light has-parallax\"><span aria-hidden=\"true\" class=\"wp-block-cover__background has-background-dim\"><\/span><div class=\"wp-block-cover__image-background wp-image-97 has-parallax\" style=\"background-position:50% 50%;background-image:url(https:\/\/praxis-koenn.de\/wp-content\/uploads\/2017\/04\/VG8_2333.jpg)\"><\/div><div class=\"wp-block-cover__inner-container is-layout-flow wp-block-cover-is-layout-flow\">\n<p class=\"has-text-align-center has-large-font-size\">Wer \u00fcbernimmt die Kosten?<\/p>\n<\/div><\/div>\n\n\n\n<h4 class=\"wp-block-heading\">Gesetzlich Versicherte<\/h4>\n\n\n\n<p>Die Kosten einer Psychotherapie werden von den gesetzlichen Krankenkassen voll \u00fcbernommen. Voraussetzung daf\u00fcr ist, dass eine behandlungsbed\u00fcrftige psychische Erkrankung vorliegt. Ob dies der Fall ist, kl\u00e4ren wir in den Sprechstunden und den probatorischen Sitzungen. Diese Sitzungen werden grunds\u00e4tzlich von den Krankenkassen \u00fcbernommen. Hierzu ben\u00f6tige ich lediglich die Krankenversichertenkarte. Eine \u00dcberweisung ist nicht n\u00f6tig<\/p>\n\n\n\n<h4 class=\"wp-block-heading\">Privat Krankenversicherte und Beihilfeberechtigte<\/h4>\n\n\n\n<p>In der Regel werden die Kosten f\u00fcr die psychotherapeutische Behandlung Ihres Kindes von den privaten Krankenversicherungen voll \u00fcbernommen. Bitte informieren Sie sich vorab bei ihrer Versicherung \u00fcber die speziellen Modalit\u00e4ten und \u00fcber das Therapieantragsverfahren.<br>Die Abrechnung erfolgt nach der Geb\u00fchrenordnung f\u00fcr Psychotherapeuten GOP.<\/p>\n\n\n\n<p>Die Kosten\u00fcbernahme der psychotherapeutischen Behandlung durch die Berufsgenossenschaften und Beihilfestellen von Bund, L\u00e4ndern und Kommunen erfolgt nach ausf\u00fchrlichem Antrag auf Leistungs\u00fcbernahme in der Regel problemlos. Bitte erkundigen Sie sich vorab bei Ihrer Beihilfestelle.<\/p>\n\n\n\n<h4 class=\"wp-block-heading\">Selbstzahler<\/h4>\n\n\n\n<p>Einige Patienten entscheiden sich daf\u00fcr, ihre\u00a0Psychotherapie\u00a0selbst zu zahlen. Die Abrechnung erfolgt nach der Geb\u00fchrenordnung f\u00fcr Psychotherapeuten (GOP), demnach kostet eine Sitzung 139,89 Euro.<\/p>\n","protected":false},"excerpt":{"rendered":"<p>Gesetzlich Versicherte Die Kosten einer Psychotherapie werden von den gesetzlichen Krankenkassen voll \u00fcbernommen. Voraussetzung daf\u00fcr ist, dass eine behandlungsbed\u00fcrftige psychische Erkrankung vorliegt. Ob dies der Fall ist, kl\u00e4ren wir in den Sprechstunden und den probatorischen Sitzungen. Diese Sitzungen werden grunds\u00e4tzlich von den Krankenkassen \u00fcbernommen. Hierzu ben\u00f6tige ich lediglich die Krankenversichertenkarte. Eine \u00dcberweisung ist nicht n\u00f6tig &hellip;<\/p>\n","protected":false},"author":1,"featured_media":415,"parent":111,"menu_order":0,"comment_status":"closed","ping_status":"closed","template":"","meta":{"footnotes":""},"class_list":["post-115","page","type-page","status-publish","has-post-thumbnail","hentry"],"_links":{"self":[{"href":"https:\/\/praxis-koenn.de\/index.php?rest_route=\/wp\/v2\/pages\/115","targetHints":{"allow":["GET"]}}],"collection":[{"href":"https:\/\/praxis-koenn.de\/index.php?rest_route=\/wp\/v2\/pages"}],"about":[{"href":"https:\/\/praxis-koenn.de\/index.php?rest_route=\/wp\/v2\/types\/page"}],"author":[{"embeddable":true,"href":"https:\/\/praxis-koenn.de\/index.php?rest_route=\/wp\/v2\/users\/1"}],"replies":[{"embeddable":true,"href":"https:\/\/praxis-koenn.de\/index.php?rest_route=%2Fwp%2Fv2%2Fcomments&post=115"}],"version-history":[{"count":22,"href":"https:\/\/praxis-koenn.de\/index.php?rest_route=\/wp\/v2\/pages\/115\/revisions"}],"predecessor-version":[{"id":600,"href":"https:\/\/praxis-koenn.de\/index.php?rest_route=\/wp\/v2\/pages\/115\/revisions\/600"}],"up":[{"embeddable":true,"href":"https:\/\/praxis-koenn.de\/index.php?rest_route=\/wp\/v2\/pages\/111"}],"wp:featuredmedia":[{"embeddable":true,"href":"https:\/\/praxis-koenn.de\/index.php?rest_route=\/wp\/v2\/media\/415"}],"wp:attachment":[{"href":"https:\/\/praxis-koenn.de\/index.php?rest_route=%2Fwp%2Fv2%2Fmedia&parent=115"}],"curies":[{"name":"wp","href":"https:\/\/api.w.org\/{rel}","templated":true}]}}